{"id":2142,"date":"2025-08-14T23:17:10","date_gmt":"2025-08-15T02:17:10","guid":{"rendered":"https:\/\/socioeducacao.unb.br\/?page_id=2142"},"modified":"2025-08-15T10:01:04","modified_gmt":"2025-08-15T13:01:04","slug":"objetivos","status":"publish","type":"page","link":"https:\/\/socioeducacao.unb.br\/index.php\/objetivos\/","title":{"rendered":"Objetivos"},"content":{"rendered":"\n<div class=\"wp-block-kadence-spacer aligncenter kt-block-spacer-_6805c4-c9\"><div class=\"kt-block-spacer kt-block-spacer-halign-center\" style=\"height:60px\"><hr class=\"kt-divider\" style=\"border-top-color:#eee;border-top-width:1px;width:80%;border-top-style:solid\"\/><\/div><\/div>\n\n\n<div class=\"wp-block-image\">\n<figure class=\"aligncenter size-large is-resized\"><img loading=\"lazy\" decoding=\"async\" src=\"https:\/\/socioeducacao.unb.br\/wp-content\/uploads\/2025\/08\/I-Simposio--1024x301.png\" alt=\"\" class=\"wp-image-2121\" width=\"568\" height=\"166\" srcset=\"https:\/\/socioeducacao.unb.br\/wp-content\/uploads\/2025\/08\/I-Simposio--1024x301.png 1024w, https:\/\/socioeducacao.unb.br\/wp-content\/uploads\/2025\/08\/I-Simposio--300x88.png 300w, https:\/\/socioeducacao.unb.br\/wp-content\/uploads\/2025\/08\/I-Simposio--768x226.png 768w, https:\/\/socioeducacao.unb.br\/wp-content\/uploads\/2025\/08\/I-Simposio--1536x452.png 1536w, https:\/\/socioeducacao.unb.br\/wp-content\/uploads\/2025\/08\/I-Simposio--583x171.png 583w, https:\/\/socioeducacao.unb.br\/wp-content\/uploads\/2025\/08\/I-Simposio-.png 2048w\" sizes=\"auto, (max-width: 568px) 100vw, 568px\" \/><\/figure><\/div>\n\n\n<p class=\"has-text-align-center\"><strong>OBJETIVOS<\/strong><\/p>\n\n\n\n<p>O\u00a0<em>Simp\u00f3sio Nacional em Socioeduca\u00e7\u00e3o: a escolariza\u00e7\u00e3o e o atendimento socioeducativo em perspectiva\u00a0<\/em>prop\u00f5e, como\u00a0<strong>objetivo geral<\/strong>, oportunizar espa\u00e7o cient\u00edfico-profissional de socializa\u00e7\u00e3o e de debate de estudos, resultados de pesquisa e experi\u00eancias profissionais relacionados \u00e0 escolariza\u00e7\u00e3o e ao atendimento socioeducativo no Brasil.<\/p>\n\n\n\n<p>\u00c0 luz desse objetivo, prop\u00f5em-se como&nbsp;<strong>objetivos espec\u00edficos<\/strong>:<br><strong>a)<\/strong>&nbsp;possibilitar a circula\u00e7\u00e3o de sentidos e pr\u00e1ticas produzidos no cotidiano da socioeduca\u00e7\u00e3o, articulando-os \u00e0 pol\u00edtica socioeducativa e \u00e0s pesquisas e produ\u00e7\u00f5es cient\u00edficas na \u00e1rea;<br><strong>b)<\/strong>&nbsp;fomentar a interlocu\u00e7\u00e3o e a articula\u00e7\u00e3o em rede dos profissionais, gestores e pesquisadores do campo socioeducativo, conforme preconizado pelo SINASE;<br><strong>c)<\/strong>&nbsp;incentivar o di\u00e1logo e a aproxima\u00e7\u00e3o das diferentes \u00e1reas do conhecimento que amparam a execu\u00e7\u00e3o das medidas socioeducativas (educa\u00e7\u00e3o, psicologia e assist\u00eancia social);<br><strong>d)<\/strong>&nbsp;construir espa\u00e7o de partilha de experi\u00eancias inovadoras e de solu\u00e7\u00f5es implementadas no cotidiano socioeducativo que podem enriquecer e transformar a trajet\u00f3ria de desenvolvimento dos adolescentes em medida socioeducativa;<br><strong>e)<\/strong>&nbsp;possibilitar a apropria\u00e7\u00e3o de conceitos, estrat\u00e9gias e metodologias de interven\u00e7\u00e3o que promovam a qualidade do processo de escolariza\u00e7\u00e3o dos adolescentes e os atendimentos socioeducativos.<\/p>\n","protected":false},"excerpt":{"rendered":"<p>OBJETIVOS O\u00a0Simp\u00f3sio Nacional em Socioeduca\u00e7\u00e3o: a escolariza\u00e7\u00e3o e o atendimento socioeducativo em perspectiva\u00a0prop\u00f5e, como\u00a0objetivo geral, oportunizar espa\u00e7o cient\u00edfico-profissional de socializa\u00e7\u00e3o e de debate de estudos, &hellip;<\/p>\n","protected":false},"author":1,"featured_media":0,"parent":0,"menu_order":0,"comment_status":"closed","ping_status":"closed","template":"","meta":{"kt_blocks_editor_width":"","footnotes":""},"class_list":["post-2142","page","type-page","status-publish","hentry"],"_links":{"self":[{"href":"https:\/\/socioeducacao.unb.br\/index.php\/wp-json\/wp\/v2\/pages\/2142","targetHints":{"allow":["GET"]}}],"collection":[{"href":"https:\/\/socioeducacao.unb.br\/index.php\/wp-json\/wp\/v2\/pages"}],"about":[{"href":"https:\/\/socioeducacao.unb.br\/index.php\/wp-json\/wp\/v2\/types\/page"}],"author":[{"embeddable":true,"href":"https:\/\/socioeducacao.unb.br\/index.php\/wp-json\/wp\/v2\/users\/1"}],"replies":[{"embeddable":true,"href":"https:\/\/socioeducacao.unb.br\/index.php\/wp-json\/wp\/v2\/comments?post=2142"}],"version-history":[{"count":5,"href":"https:\/\/socioeducacao.unb.br\/index.php\/wp-json\/wp\/v2\/pages\/2142\/revisions"}],"predecessor-version":[{"id":2200,"href":"https:\/\/socioeducacao.unb.br\/index.php\/wp-json\/wp\/v2\/pages\/2142\/revisions\/2200"}],"wp:attachment":[{"href":"https:\/\/socioeducacao.unb.br\/index.php\/wp-json\/wp\/v2\/media?parent=2142"}],"curies":[{"name":"wp","href":"https:\/\/api.w.org\/{rel}","templated":true}]}}