{"id":2169,"date":"2025-08-15T08:30:33","date_gmt":"2025-08-15T11:30:33","guid":{"rendered":"https:\/\/socioeducacao.unb.br\/?page_id=2169"},"modified":"2026-02-24T21:13:37","modified_gmt":"2026-02-25T00:13:37","slug":"programacao-2","status":"publish","type":"page","link":"https:\/\/socioeducacao.unb.br\/index.php\/programacao-2\/","title":{"rendered":"Programa\u00e7\u00e3o"},"content":{"rendered":"\n<p class=\"has-text-align-center\">| <strong><a href=\"https:\/\/socioeducacao.unb.br\/index.php\/v-simposio-nacional-em-socioeducacao-2026\/\" target=\"_blank\" rel=\"noreferrer noopener\">V Simp\u00f3sio Nacional em Socioeduca\u00e7\u00e3o<\/a><\/strong> | <a href=\"https:\/\/socioeducacao.unb.br\/index.php\/inicio\/\">In\u00edcio<\/a> | <a href=\"https:\/\/socioeducacao.unb.br\/index.php\/datas\/\">Datas<\/a> | <a href=\"https:\/\/socioeducacao.unb.br\/index.php\/programacao-2\/\">Programa\u00e7\u00e3o<\/a> | <a href=\"https:\/\/socioeducacao.unb.br\/index.php\/v-simposio-nacional-em-socioeducacao-2026\/trabalhos\/\" data-type=\"link\" data-id=\"https:\/\/socioeducacao.unb.br\/index.php\/v-simposio-nacional-em-socioeducacao-2026\/trabalhos\/\">Trabalhos<\/a> | <a href=\"https:\/\/socioeducacao.unb.br\/index.php\/inscricoes\/\" data-type=\"link\" data-id=\"https:\/\/socioeducacao.unb.br\/index.php\/inscricoes\/\">Inscri\u00e7\u00f5es<\/a> | <a href=\"https:\/\/socioeducacao.unb.br\/index.php\/local\/\">Local<\/a> | <a href=\"https:\/\/socioeducacao.unb.br\/index.php\/comissoes\/\" target=\"_blank\" rel=\"noreferrer noopener\">Comiss\u00f5es<\/a>&nbsp;|<\/p>\n\n\n<div class=\"wp-block-image\">\n<figure class=\"aligncenter size-large is-resized\"><img loading=\"lazy\" decoding=\"async\" width=\"1024\" height=\"318\" src=\"https:\/\/socioeducacao.unb.br\/wp-content\/uploads\/2025\/08\/Logo-V-Simpo\u0301sio-1-1024x318.png\" alt=\"\" class=\"wp-image-2265\" style=\"width:686px;height:auto\" srcset=\"https:\/\/socioeducacao.unb.br\/wp-content\/uploads\/2025\/08\/Logo-V-Simpo\u0301sio-1-1024x318.png 1024w, https:\/\/socioeducacao.unb.br\/wp-content\/uploads\/2025\/08\/Logo-V-Simpo\u0301sio-1-300x93.png 300w, https:\/\/socioeducacao.unb.br\/wp-content\/uploads\/2025\/08\/Logo-V-Simpo\u0301sio-1-768x238.png 768w, https:\/\/socioeducacao.unb.br\/wp-content\/uploads\/2025\/08\/Logo-V-Simpo\u0301sio-1-583x181.png 583w, https:\/\/socioeducacao.unb.br\/wp-content\/uploads\/2025\/08\/Logo-V-Simpo\u0301sio-1.png 1080w\" sizes=\"auto, (max-width: 1024px) 100vw, 1024px\" \/><\/figure><\/div>\n\n\n<h1 class=\"wp-block-heading has-text-align-center has-large-font-size\"><strong>PROGRAMA\u00c7\u00c3O<\/strong><\/h1>\n\n\n\n<p>A programa\u00e7\u00e3o do Simp\u00f3sio ser\u00e1 composta por interven\u00e7\u00f5es de palestrantes convidados(as) e tamb\u00e9m por apresenta\u00e7\u00f5es decorrentes de trabalhos submetidos, avaliados e aprovados pela Comiss\u00e3o T\u00e9cnico-Cient\u00edfica.<\/p>\n\n\n\n<p>Convidamos a comunidade cient\u00edfica e atores das medidas socioeducativas a submeterem trabalhos para apresenta\u00e7\u00e3o e discuss\u00e3o no V Simp\u00f3sio Nacional em Socioeduca\u00e7\u00e3o.<\/p>\n\n\n\n<p class=\"has-text-align-center has-accent-2-color has-text-color has-link-color has-large-font-size wp-elements-c8ddf7888a03fba74710204c081c5322\"><strong>Programa\u00e7\u00e3o completa dispon\u00edvel, <a href=\"https:\/\/drive.google.com\/file\/d\/1QxLJ0bi1jzeKA76ZXLFtXX-Xd6L84LSw\/view?usp=drive_link\" data-type=\"link\" data-id=\"https:\/\/drive.google.com\/file\/d\/1QxLJ0bi1jzeKA76ZXLFtXX-Xd6L84LSw\/view?usp=drive_link\" target=\"_blank\" rel=\"noreferrer noopener\">acesse<\/a> e confira!<\/strong><\/p>\n\n\n\n<p>Para visualizar a programa\u00e7\u00e3o com seus trabalhos aprovados para apresenta\u00e7\u00e3o, fa\u00e7a login na <a href=\"https:\/\/www.even3.com.br\/v-simposio-nacional-em-socioeducacao-615252\/\">plataforma even3<\/a> e, na sequ\u00eancia, na lateral esquerda v\u00e1 em apresenta\u00e7\u00e3o de trabalhos. Pronto, voc\u00ea conseguir\u00e1 localizar suas apresenta\u00e7\u00f5es. Qualquer d\u00favida, por favor entre em contato com a organiza\u00e7\u00e3o.  <\/p>\n\n\n<style id=\"kt-blocks_2d53c3-38\">.kt-tabs-id_2d53c3-38 > .kt-tabs-content-wrap > .wp-block-kadence-tab {border-color:#bcbcbc;background:#ffffff;}.wp-block-kadence-tabs .kt-tabs-id_2d53c3-38 > .kt-tabs-title-list li {margin:0px 8px -1px 0px;}.wp-block-kadence-tabs .kt-tabs-id_2d53c3-38 > .kt-tabs-title-list li .kt-tab-title, .wp-block-kadence-tabs .kt-tabs-id_2d53c3-38 > .kt-tabs-content-wrap > .kt-tabs-accordion-title .kt-tab-title {font-size:1.1em;line-height:1.4em;border-width:1px 1px 0px 1px ;border-radius:4px 4px 0px 0px ;padding:8px 20px 8px 20px ;border-color:#eeeeee;color:#444444;background:#ffffff;}.wp-block-kadence-tabs .kt-tabs-id_2d53c3-38 > .kt-tabs-title-list li .kt-tab-title:hover, .wp-block-kadence-tabs .kt-tabs-id_2d53c3-38 > .kt-tabs-content-wrap > .kt-tabs-accordion-title .kt-tab-title:hover {border-color:#e2e2e2;color:#444444;background:#ffffff;}.wp-block-kadence-tabs .kt-tabs-id_2d53c3-38 > .kt-tabs-title-list li.kt-tab-title-active .kt-tab-title, .wp-block-kadence-tabs .kt-tabs-id_2d53c3-38 > .kt-tabs-content-wrap > .kt-tabs-accordion-title.kt-tab-title-active .kt-tab-title  {border-color:#bcbcbc;color:#444444;background:#ffffff;}<\/style>\n<div class=\"wp-block-kadence-tabs aligncenter\"><div class=\"kt-tabs-wrap kt-tabs-id_2d53c3-38 kt-tabs-has-4-tabs kt-active-tab-4 kt-tabs-layout-tabs kt-tabs-tablet-layout-inherit kt-tabs-mobile-layout-inherit kt-tab-alignment-left \" style=\"max-width:none\"><ul class=\"kt-tabs-title-list\"><li id=\"tab-strong2402strong\" class=\"kt-title-item kt-title-item-1 kt-tabs-svg-show-always kt-tabs-icon-side-right kt-tab-title-inactive\"><a href=\"#tab-strong2402strong\" data-tab=\"1\" class=\"kt-tab-title kt-tab-title-1 \"><span class=\"kt-title-text\"><strong>24\/02<\/strong><\/span><\/a><\/li><li id=\"tab-strong2502strong\" class=\"kt-title-item kt-title-item-2 kt-tabs-svg-show-always kt-tabs-icon-side-right kt-tab-title-inactive\"><a href=\"#tab-strong2502strong\" data-tab=\"2\" class=\"kt-tab-title kt-tab-title-2 \"><span class=\"kt-title-text\"><strong>25\/02<\/strong><\/span><\/a><\/li><li id=\"tab-strong2602strong\" class=\"kt-title-item kt-title-item-3 kt-tabs-svg-show-always kt-tabs-icon-side-right kt-tab-title-inactive\"><a href=\"#tab-strong2602strong\" data-tab=\"3\" class=\"kt-tab-title kt-tab-title-3 \"><span class=\"kt-title-text\"><strong>26\/02<\/strong><\/span><\/a><\/li><li id=\"tab-strong2702strong\" class=\"kt-title-item kt-title-item-4 kt-tabs-svg-show-always kt-tabs-icon-side-right kt-tab-title-active\"><a href=\"#tab-strong2702strong\" data-tab=\"4\" class=\"kt-tab-title kt-tab-title-4 \"><span class=\"kt-title-text\"><strong>27\/02<\/strong><\/span><\/a><\/li><\/ul><div class=\"kt-tabs-content-wrap\">\n<div class=\"wp-block-kadence-tab kt-tab-inner-content kt-inner-tab-1 kt-inner-tab_067659-21\"><div class=\"kt-tab-inner-content-inner\">\n<div class=\"wp-block-columns is-layout-flex wp-container-core-columns-is-layout-9d6595d7 wp-block-columns-is-layout-flex\">\n<div class=\"wp-block-column is-layout-flow wp-block-column-is-layout-flow\" style=\"flex-basis:100%\">\n<div class=\"wp-block-columns is-layout-flex wp-container-core-columns-is-layout-9d6595d7 wp-block-columns-is-layout-flex\">\n<div class=\"wp-block-column is-layout-flow wp-block-column-is-layout-flow\">\n<figure class=\"wp-block-image size-large\"><img loading=\"lazy\" decoding=\"async\" width=\"768\" height=\"1024\" src=\"https:\/\/socioeducacao.unb.br\/wp-content\/uploads\/2026\/02\/Template-Banner-V-Simposio-Nacional-em-Socioeducacao-768x1024.jpg\" alt=\"\" class=\"wp-image-2479\" srcset=\"https:\/\/socioeducacao.unb.br\/wp-content\/uploads\/2026\/02\/Template-Banner-V-Simposio-Nacional-em-Socioeducacao-768x1024.jpg 768w, https:\/\/socioeducacao.unb.br\/wp-content\/uploads\/2026\/02\/Template-Banner-V-Simposio-Nacional-em-Socioeducacao-225x300.jpg 225w, https:\/\/socioeducacao.unb.br\/wp-content\/uploads\/2026\/02\/Template-Banner-V-Simposio-Nacional-em-Socioeducacao-1152x1536.jpg 1152w, https:\/\/socioeducacao.unb.br\/wp-content\/uploads\/2026\/02\/Template-Banner-V-Simposio-Nacional-em-Socioeducacao-1536x2048.jpg 1536w, https:\/\/socioeducacao.unb.br\/wp-content\/uploads\/2026\/02\/Template-Banner-V-Simposio-Nacional-em-Socioeducacao-scaled.jpg 1920w\" sizes=\"auto, (max-width: 768px) 100vw, 768px\" \/><\/figure>\n<\/div>\n\n\n\n<div class=\"wp-block-column is-layout-flow wp-block-column-is-layout-flow\">\n<figure class=\"wp-block-image size-large\"><img loading=\"lazy\" decoding=\"async\" width=\"768\" height=\"1024\" src=\"https:\/\/socioeducacao.unb.br\/wp-content\/uploads\/2026\/02\/Slide2-768x1024.jpg\" alt=\"\" class=\"wp-image-2478\" srcset=\"https:\/\/socioeducacao.unb.br\/wp-content\/uploads\/2026\/02\/Slide2-768x1024.jpg 768w, https:\/\/socioeducacao.unb.br\/wp-content\/uploads\/2026\/02\/Slide2-225x300.jpg 225w, https:\/\/socioeducacao.unb.br\/wp-content\/uploads\/2026\/02\/Slide2-1152x1536.jpg 1152w, https:\/\/socioeducacao.unb.br\/wp-content\/uploads\/2026\/02\/Slide2-1536x2048.jpg 1536w, https:\/\/socioeducacao.unb.br\/wp-content\/uploads\/2026\/02\/Slide2-scaled.jpg 1920w\" sizes=\"auto, (max-width: 768px) 100vw, 768px\" \/><\/figure>\n<\/div>\n<\/div>\n<\/div>\n<\/div>\n<\/div><\/div>\n\n\n\n<div class=\"wp-block-kadence-tab kt-tab-inner-content kt-inner-tab-2 kt-inner-tab_a09005-a6\"><div class=\"kt-tab-inner-content-inner\"><div class=\"wp-block-image\">\n<figure class=\"aligncenter size-large is-resized\"><img loading=\"lazy\" decoding=\"async\" width=\"768\" height=\"1024\" src=\"https:\/\/socioeducacao.unb.br\/wp-content\/uploads\/2026\/02\/Slide3-768x1024.jpg\" alt=\"\" class=\"wp-image-2481\" style=\"width:608px;height:auto\" srcset=\"https:\/\/socioeducacao.unb.br\/wp-content\/uploads\/2026\/02\/Slide3-768x1024.jpg 768w, https:\/\/socioeducacao.unb.br\/wp-content\/uploads\/2026\/02\/Slide3-225x300.jpg 225w, https:\/\/socioeducacao.unb.br\/wp-content\/uploads\/2026\/02\/Slide3-1152x1536.jpg 1152w, https:\/\/socioeducacao.unb.br\/wp-content\/uploads\/2026\/02\/Slide3-1536x2048.jpg 1536w, https:\/\/socioeducacao.unb.br\/wp-content\/uploads\/2026\/02\/Slide3-scaled.jpg 1920w\" sizes=\"auto, (max-width: 768px) 100vw, 768px\" \/><\/figure><\/div><\/div><\/div>\n\n\n\n<div class=\"wp-block-kadence-tab kt-tab-inner-content kt-inner-tab-3 kt-inner-tab_53a800-80\"><div class=\"kt-tab-inner-content-inner\">\n<div class=\"wp-block-columns are-vertically-aligned-center is-layout-flex wp-container-core-columns-is-layout-9d6595d7 wp-block-columns-is-layout-flex\">\n<div class=\"wp-block-column is-vertically-aligned-center is-layout-flow wp-block-column-is-layout-flow\"><div class=\"wp-block-image\">\n<figure class=\"aligncenter size-large is-resized\"><img loading=\"lazy\" decoding=\"async\" width=\"768\" height=\"1024\" src=\"https:\/\/socioeducacao.unb.br\/wp-content\/uploads\/2026\/02\/Slide4-768x1024.jpg\" alt=\"\" class=\"wp-image-2482\" style=\"width:603px;height:auto\" srcset=\"https:\/\/socioeducacao.unb.br\/wp-content\/uploads\/2026\/02\/Slide4-768x1024.jpg 768w, https:\/\/socioeducacao.unb.br\/wp-content\/uploads\/2026\/02\/Slide4-225x300.jpg 225w, https:\/\/socioeducacao.unb.br\/wp-content\/uploads\/2026\/02\/Slide4-1152x1536.jpg 1152w, https:\/\/socioeducacao.unb.br\/wp-content\/uploads\/2026\/02\/Slide4-1536x2048.jpg 1536w, https:\/\/socioeducacao.unb.br\/wp-content\/uploads\/2026\/02\/Slide4-scaled.jpg 1920w\" sizes=\"auto, (max-width: 768px) 100vw, 768px\" \/><\/figure><\/div><\/div>\n<\/div>\n<\/div><\/div>\n\n\n\n<div class=\"wp-block-kadence-tab kt-tab-inner-content kt-inner-tab-4 kt-inner-tab_bb43ed-bf\"><div class=\"kt-tab-inner-content-inner\">\n<div class=\"wp-block-columns is-layout-flex wp-container-core-columns-is-layout-9d6595d7 wp-block-columns-is-layout-flex\">\n<div class=\"wp-block-column is-layout-flow wp-block-column-is-layout-flow\"><div class=\"wp-block-image\">\n<figure class=\"aligncenter size-large is-resized\"><img loading=\"lazy\" decoding=\"async\" width=\"1024\" height=\"668\" src=\"https:\/\/socioeducacao.unb.br\/wp-content\/uploads\/2026\/02\/Slide5-1-1024x668.jpg\" alt=\"\" class=\"wp-image-2484\" style=\"width:635px;height:auto\" srcset=\"https:\/\/socioeducacao.unb.br\/wp-content\/uploads\/2026\/02\/Slide5-1-1024x668.jpg 1024w, https:\/\/socioeducacao.unb.br\/wp-content\/uploads\/2026\/02\/Slide5-1-300x196.jpg 300w, https:\/\/socioeducacao.unb.br\/wp-content\/uploads\/2026\/02\/Slide5-1-768x501.jpg 768w, https:\/\/socioeducacao.unb.br\/wp-content\/uploads\/2026\/02\/Slide5-1-1536x1001.jpg 1536w, https:\/\/socioeducacao.unb.br\/wp-content\/uploads\/2026\/02\/Slide5-1-2048x1335.jpg 2048w, https:\/\/socioeducacao.unb.br\/wp-content\/uploads\/2026\/02\/Slide5-1-460x300.jpg 460w\" sizes=\"auto, (max-width: 1024px) 100vw, 1024px\" \/><\/figure><\/div><\/div>\n<\/div>\n<\/div><\/div>\n<\/div><\/div><\/div>\n\n\n\n<p><\/p>\n\n\n\n<div class=\"wp-block-buttons alignwide is-content-justification-center is-layout-flex wp-container-core-buttons-is-layout-16018d1d wp-block-buttons-is-layout-flex\">\n<div class=\"wp-block-button is-style-outline is-style-outline--1\"><a class=\"wp-block-button__link has-text-align-center wp-element-button\" href=\"https:\/\/www.even3.com.br\/v-simposio-nacional-em-socioeducacao-615252\/\"><strong><em>Quero participar das atividades<\/em><\/strong><\/a><\/div>\n<\/div>\n\n\n\n<p class=\"has-text-align-center\">&#x26a0;&#xfe0f; <strong>Aten\u00e7\u00e3o:<\/strong> vagas limitadas! A inscri\u00e7\u00e3o em atividades \u00e9 <strong>gratuita<\/strong> e pode encerrar assim que as vagas forem preenchidas.<\/p>\n\n\n\n<div class=\"wp-block-kadence-spacer aligncenter kt-block-spacer-_d40ad7-59\"><div class=\"kt-block-spacer kt-block-spacer-halign-center\" style=\"height:60px\"><hr class=\"kt-divider\" style=\"border-top-color:#eee;border-top-width:1px;width:80%;border-top-style:solid\"\/><\/div><\/div>\n\n\n\n<p class=\"has-text-align-center has-large-font-size\"><strong>SUBMISS\u00c3O DE TRABALHOS<\/strong><\/p>\n\n\n\n<p>O <strong>Simp\u00f3sio Nacional em Socioeduca\u00e7\u00e3o<\/strong> \u00e9 um espa\u00e7o de compartilhamento de estudos cient\u00edficos e interven\u00e7\u00f5es t\u00e9cnicas no campo da socioeduca\u00e7\u00e3o. Em todas as edi\u00e7\u00f5es, o evento apresentou de forma democr\u00e1tica e plural produ\u00e7\u00f5es acad\u00eamicas e t\u00e9cnicas de pesquisadores\/as e profissionais de todo o pa\u00eds.<\/p>\n\n\n\n<p>Para a apresenta\u00e7\u00e3o de trabalho em qualquer uma das modalidades, os\/as autores\/as dever\u00e3o seguir os crit\u00e9rios de submiss\u00e3o, utilizar o <a href=\"https:\/\/docs.google.com\/document\/d\/1-cb52h3gOIbJHDoLFY0BnEPCFLg-ZpDB\/edit?usp=sharing&amp;ouid=103243867942116940317&amp;rtpof=true&amp;sd=true\">TEMPLATE<\/a> do V Simp\u00f3sio Nacional em Socioeduca\u00e7\u00e3o para a elabora\u00e7\u00e3o do resumo expandido (dispon\u00edvel abaixo) e enviar DUAS C\u00d3PIAS do arquivo (uma com identifica\u00e7\u00e3o dos\/as autores\/as e outra sem) no ato da submiss\u00e3o. Deve-se fazer o download do template para edit\u00e1-lo.&nbsp;<\/p>\n\n\n\n<p>O trabalho submetido poder\u00e1 ter 1 (um\/a) autor\/a principal e, no m\u00e1ximo, 4 (quatro) coautores\/as. Cada participante poder\u00e1 submeter at\u00e9 2 (dois) trabalhos na condi\u00e7\u00e3o de autor\/a principal. N\u00e3o h\u00e1 limite para a participa\u00e7\u00e3o em trabalhos na condi\u00e7\u00e3o de coautor\/a.<\/p>\n\n\n\n<p class=\"has-text-align-center has-large-font-size\"><strong><mark class=\"kt-highlight\">Fa\u00e7a a submiss\u00e3o do seu trabalho&nbsp;<a href=\"https:\/\/www.even3.com.br\/v-simposio-nacional-em-socioeducacao-615252\/\" target=\"_blank\" rel=\"noreferrer noopener\">aqui<\/a>.<\/mark><\/strong><\/p>\n\n\n\n<h1 class=\"wp-block-heading has-large-font-size\"><strong>MODALIDADE DE TRABALHOS<\/strong><\/h1>\n\n\n\n<p>Os trabalhos poder\u00e3o ser apresentados nas seguintes modalidades: <strong>Comunica\u00e7\u00e3o oral <\/strong>(Socializa\u00e7\u00e3o de estudos te\u00f3ricos e\/ou Resultados de pesquisa ou Relato de experi\u00eancia) e <strong>P\u00f4ster Impresso<\/strong>, conforme detalhamento apresentado a seguir.<\/p>\n\n\n\n<p class=\"has-accent-1-color has-text-color has-link-color wp-elements-0ea2604761df3880122c5480ca730934\">           <strong>COMUNICA\u00c7\u00c3O ORAL<\/strong><\/p>\n\n\n\n<p>As comunica\u00e7\u00f5es orais objetivam a partilha, debates e trocas de conhecimentos e experi\u00eancias apresentadas pelos\/as autores\/as dos trabalhos aprovados. Ser\u00e3o realizadas presencialmente, portanto, \u00e9 necess\u00e1ria a presen\u00e7a de pelo menos um\/a autor\/a no momento do encontro, para a apresenta\u00e7\u00e3o do trabalho.<\/p>\n\n\n\n<p>Ser\u00e3o duas modalidades de comunica\u00e7\u00e3o oral:<\/p>\n\n\n\n<ol class=\"wp-block-list\">\n<li><strong>Socializa\u00e7\u00e3o de estudos te\u00f3ricos e\/ou Resultados de pesquisa: <\/strong>essa categoria se destina a apresenta\u00e7\u00e3o oral de discuss\u00f5es te\u00f3ricas e\/ou Resultados de pesquisas te\u00f3ricas e emp\u00edricas acerca da socioeduca\u00e7\u00e3o.<\/li>\n\n\n\n<li><strong>Relato de experi\u00eancia: <\/strong>essa categoria se destina a apresenta\u00e7\u00e3o oral de relatos de experi\u00eancias t\u00e9cnicas e profissionais de atores da socioeduca\u00e7\u00e3o.<\/li>\n<\/ol>\n\n\n\n<p>Os encontros para a apresenta\u00e7\u00e3o das comunica\u00e7\u00f5es orais ser\u00e3o organizados pela Comiss\u00e3o T\u00e9cnico-Cient\u00edfica a partir do agrupamento entre temas comuns ou aproximados. Ap\u00f3s a apresenta\u00e7\u00e3o de todos os trabalhos haver\u00e1 tempo para a intera\u00e7\u00e3o entre os\/as participantes, com oportunidade de debate e aprofundamento sobre os temas apresentados.<\/p>\n\n\n\n<p>Sugest\u00e3o de <strong><em><a href=\"https:\/\/docs.google.com\/presentation\/d\/1PwnTZvBMRGo--N24xrh4KFsxe8AAYqRt\/edit?usp=sharing&amp;ouid=103243867942116940317&amp;rtpof=true&amp;sd=true\" target=\"_blank\" rel=\"noreferrer noopener\">Template<\/a><\/em><\/strong> para apresenta\u00e7\u00e3o em Comunica\u00e7\u00e3o Oral. Acesse, baixe o arquivo (fa\u00e7a download) e edite de acordo com seu trabalho.<\/p>\n\n\n\n<p class=\"has-accent-1-color has-text-color has-link-color wp-elements-7aa1829f88fd577dec276475eba175fb\">            <strong>P\u00d4STER IMPRESSO<\/strong><\/p>\n\n\n\n<p>Os p\u00f4steres consistem na apresenta\u00e7\u00e3o de trabalhos por meio da combina\u00e7\u00e3o de formas gr\u00e1ficas, cores e textos. Os p\u00f4steres aprovados ser\u00e3o expostos no local de realiza\u00e7\u00e3o do evento e apresentados oralmente por seus\/suas autores\/as. Dessa forma, \u00e9 necess\u00e1ria a inscri\u00e7\u00e3o e presen\u00e7a no V Simp\u00f3sio Nacional em Socioeduca\u00e7\u00e3o de pelo menos um\/a autor\/a do trabalho.<\/p>\n\n\n\n<h1 class=\"wp-block-heading has-large-font-size\"><strong>AVALIA\u00c7\u00c3O DOS TRABALHOS SUBMETIDOS<\/strong><\/h1>\n\n\n\n<p>Todos os trabalhos submetidos para apresenta\u00e7\u00e3o no evento ser\u00e3o objeto de an\u00e1lise \u00e0s cegas pela Comiss\u00e3o T\u00e9cnico-Cient\u00edfica, que poder\u00e1 aceit\u00e1-los ou recus\u00e1-los, conforme indica\u00e7\u00e3o dos\/as avaliadores\/as.<\/p>\n\n\n\n<p>A avalia\u00e7\u00e3o do trabalho ir\u00e1 considerar: a coer\u00eancia aos eixos tem\u00e1ticos; o respeito \u00e0s normas gramaticais e ortogr\u00e1ficas da l\u00edngua portuguesa; a consist\u00eancia e coer\u00eancia na organiza\u00e7\u00e3o dos conte\u00fados e argumentos; e a contribui\u00e7\u00e3o \u00e0 pol\u00edtica nacional de atendimento socioeducativo.<\/p>\n\n\n\n<p>Os trabalhos devem estar alinhados ao tema do evento, com ader\u00eancia aos princ\u00edpios da pol\u00edtica socioeducativa vigente e a garantia dos direitos humanos. N\u00e3o ser\u00e3o aceitos trabalhos que atentem contra a \u00e9tica na publica\u00e7\u00e3o cient\u00edfica ou aos direitos humanos.<\/p>\n\n\n\n<p>Ap\u00f3s o processo de an\u00e1lise por parte da Comiss\u00e3o T\u00e9cnico-Cient\u00edfica os\/as autores\/as ser\u00e3o informados\/as da situa\u00e7\u00e3o de suas propostas, de acordo com o cronograma definido pela organiza\u00e7\u00e3o do evento.<\/p>\n\n\n\n<p class=\"has-text-align-center has-normal-font-size\">Submiss\u00f5es de trabalhos at\u00e9 <s><strong>12 de outubro 2025<\/strong>.<\/s> <strong><mark style=\"background-color:rgba(0, 0, 0, 0)\" class=\"has-inline-color has-accent-1-color\">PRORROGADO AT\u00c9 26 DE OUTUBRO DE 2025.<\/mark><\/strong><\/p>\n\n\n\n<p class=\"has-text-align-center\">Acompanhe as <a href=\"https:\/\/socioeducacao.unb.br\/index.php\/datas\/\" data-type=\"page\" data-id=\"2167\">datas<\/a> do evento!<\/p>\n\n\n\n<div class=\"wp-block-kadence-spacer aligncenter kt-block-spacer-_ca1453-53\"><div class=\"kt-block-spacer kt-block-spacer-halign-center\" style=\"height:60px\"><hr class=\"kt-divider\" style=\"border-top-color:#eee;border-top-width:1px;width:80%;border-top-style:solid\"\/><\/div><\/div>\n\n\n<div class=\"wp-block-image\">\n<figure class=\"aligncenter size-large\"><img loading=\"lazy\" decoding=\"async\" width=\"1024\" height=\"199\" src=\"https:\/\/socioeducacao.unb.br\/wp-content\/uploads\/2025\/09\/Design-sem-nome-3-2-1024x199.png\" alt=\"\" class=\"wp-image-2367\" srcset=\"https:\/\/socioeducacao.unb.br\/wp-content\/uploads\/2025\/09\/Design-sem-nome-3-2-1024x199.png 1024w, https:\/\/socioeducacao.unb.br\/wp-content\/uploads\/2025\/09\/Design-sem-nome-3-2-300x58.png 300w, https:\/\/socioeducacao.unb.br\/wp-content\/uploads\/2025\/09\/Design-sem-nome-3-2-768x150.png 768w, https:\/\/socioeducacao.unb.br\/wp-content\/uploads\/2025\/09\/Design-sem-nome-3-2-583x114.png 583w, https:\/\/socioeducacao.unb.br\/wp-content\/uploads\/2025\/09\/Design-sem-nome-3-2.png 1366w\" sizes=\"auto, (max-width: 1024px) 100vw, 1024px\" \/><\/figure><\/div>","protected":false},"excerpt":{"rendered":"<p>| V Simp\u00f3sio Nacional em Socioeduca\u00e7\u00e3o | In\u00edcio | Datas | Programa\u00e7\u00e3o | Trabalhos | Inscri\u00e7\u00f5es | Local | Comiss\u00f5es&nbsp;| PROGRAMA\u00c7\u00c3O A programa\u00e7\u00e3o do Simp\u00f3sio &hellip;<\/p>\n","protected":false},"author":1,"featured_media":0,"parent":0,"menu_order":0,"comment_status":"closed","ping_status":"closed","template":"","meta":{"kt_blocks_editor_width":"","footnotes":""},"class_list":["post-2169","page","type-page","status-publish","hentry"],"_links":{"self":[{"href":"https:\/\/socioeducacao.unb.br\/index.php\/wp-json\/wp\/v2\/pages\/2169","targetHints":{"allow":["GET"]}}],"collection":[{"href":"https:\/\/socioeducacao.unb.br\/index.php\/wp-json\/wp\/v2\/pages"}],"about":[{"href":"https:\/\/socioeducacao.unb.br\/index.php\/wp-json\/wp\/v2\/types\/page"}],"author":[{"embeddable":true,"href":"https:\/\/socioeducacao.unb.br\/index.php\/wp-json\/wp\/v2\/users\/1"}],"replies":[{"embeddable":true,"href":"https:\/\/socioeducacao.unb.br\/index.php\/wp-json\/wp\/v2\/comments?post=2169"}],"version-history":[{"count":26,"href":"https:\/\/socioeducacao.unb.br\/index.php\/wp-json\/wp\/v2\/pages\/2169\/revisions"}],"predecessor-version":[{"id":2531,"href":"https:\/\/socioeducacao.unb.br\/index.php\/wp-json\/wp\/v2\/pages\/2169\/revisions\/2531"}],"wp:attachment":[{"href":"https:\/\/socioeducacao.unb.br\/index.php\/wp-json\/wp\/v2\/media?parent=2169"}],"curies":[{"name":"wp","href":"https:\/\/api.w.org\/{rel}","templated":true}]}}