{"id":2172,"date":"2025-08-15T08:30:35","date_gmt":"2025-08-15T11:30:35","guid":{"rendered":"https:\/\/socioeducacao.unb.br\/?page_id=2172"},"modified":"2026-02-04T14:06:41","modified_gmt":"2026-02-04T17:06:41","slug":"objetivos-2","status":"publish","type":"page","link":"https:\/\/socioeducacao.unb.br\/index.php\/objetivos-2\/","title":{"rendered":"Objetivos"},"content":{"rendered":"\n<p class=\"has-text-align-center\">| <strong><a href=\"https:\/\/socioeducacao.unb.br\/index.php\/v-simposio-nacional-em-socioeducacao-2026\/\" target=\"_blank\" rel=\"noreferrer noopener\">V Simp\u00f3sio Nacional em Socioeduca\u00e7\u00e3o<\/a><\/strong> | <a href=\"https:\/\/socioeducacao.unb.br\/index.php\/inicio\/\">In\u00edcio<\/a> | <a href=\"https:\/\/socioeducacao.unb.br\/index.php\/datas\/\">Datas<\/a> | <a href=\"https:\/\/socioeducacao.unb.br\/index.php\/programacao-2\/\">Programa\u00e7\u00e3o<\/a> | <a href=\"https:\/\/socioeducacao.unb.br\/index.php\/v-simposio-nacional-em-socioeducacao-2026\/trabalhos\/\" data-type=\"link\" data-id=\"https:\/\/socioeducacao.unb.br\/index.php\/v-simposio-nacional-em-socioeducacao-2026\/trabalhos\/\">Trabalhos<\/a> | <a href=\"https:\/\/socioeducacao.unb.br\/index.php\/inscricoes\/\" data-type=\"link\" data-id=\"https:\/\/socioeducacao.unb.br\/index.php\/inscricoes\/\">Inscri\u00e7\u00f5es<\/a> | <a href=\"https:\/\/socioeducacao.unb.br\/index.php\/local\/\">Local<\/a> | <a href=\"https:\/\/socioeducacao.unb.br\/index.php\/comissoes\/\" target=\"_blank\" rel=\"noreferrer noopener\">Comiss\u00f5es<\/a>\u00a0|<\/p>\n\n\n\n<figure class=\"wp-block-image size-large is-resized\"><img loading=\"lazy\" decoding=\"async\" width=\"908\" height=\"282\" src=\"https:\/\/socioeducacao.unb.br\/wp-content\/uploads\/2025\/09\/Logo-V-Simpo\u0301sio-edited-1.png\" alt=\"\" class=\"wp-image-2328\" style=\"width:1027px;height:auto\" srcset=\"https:\/\/socioeducacao.unb.br\/wp-content\/uploads\/2025\/09\/Logo-V-Simpo\u0301sio-edited-1.png 908w, https:\/\/socioeducacao.unb.br\/wp-content\/uploads\/2025\/09\/Logo-V-Simpo\u0301sio-edited-1-300x93.png 300w, https:\/\/socioeducacao.unb.br\/wp-content\/uploads\/2025\/09\/Logo-V-Simpo\u0301sio-edited-1-768x239.png 768w, https:\/\/socioeducacao.unb.br\/wp-content\/uploads\/2025\/09\/Logo-V-Simpo\u0301sio-edited-1-583x181.png 583w\" sizes=\"auto, (max-width: 908px) 100vw, 908px\" \/><\/figure>\n\n\n\n<p class=\"has-text-align-right has-larger-font-size\"><strong><em><sub>Inter<em><strong>setorialidade e trabalho em rede na perspectiva da Prot<\/strong><\/em>e\u00e7\u00e3o Integral <\/sub><\/em><\/strong><\/p>\n\n\n\n\n\n<div class=\"wp-block-kadence-spacer aligncenter kt-block-spacer-_6f2c66-46\"><div class=\"kt-block-spacer kt-block-spacer-halign-center\" style=\"height:60px\"><hr class=\"kt-divider\" style=\"border-top-color:#eee;border-top-width:1px;width:80%;border-top-style:solid\"\/><\/div><\/div>\n\n\n\n<h1 class=\"wp-block-heading has-text-align-center\"><strong>OBJETIVOS<\/strong><\/h1>\n\n\n\n<div class=\"wp-block-kadence-spacer aligncenter kt-block-spacer-_5b13ee-78\"><div class=\"kt-block-spacer kt-block-spacer-halign-center\" style=\"height:60px\"><hr class=\"kt-divider\" style=\"border-top-color:#eee;border-top-width:1px;width:80%;border-top-style:solid\"\/><\/div><\/div>\n\n\n\n<p>Os objetivos do <strong><em>V Simp\u00f3sio Nacional em Socioeduca\u00e7\u00e3o<\/em><\/strong>: <em><strong>intersetorialidade e trabalho em rede na perspectiva da prote\u00e7\u00e3o integral<\/strong><\/em> permanecem alinhados \u00e0s demais edi\u00e7\u00f5es que o antecederam e busca oportunizar espa\u00e7o cient\u00edfico-profissional de socializa\u00e7\u00e3o e de debate de estudos, resultados de pesquisa e experi\u00eancias profissionais relacionados \u00e0 Socioeduca\u00e7\u00e3o.<\/p>\n\n\n\n<p>\u00c0 luz desse objetivo geral, prop\u00f5em-se como <strong>objetivos espec\u00edficos:<\/strong><\/p>\n\n\n\n<p><strong>a)<\/strong> possibilitar a circula\u00e7\u00e3o de sentidos e pr\u00e1ticas produzidos no cotidiano da Socioeduca\u00e7\u00e3o, articulando-os \u00e0 pol\u00edtica socioeducativa e \u00e0s pesquisas e produ\u00e7\u00f5es cient\u00edficas, nacionais e internacionais, na \u00e1rea;<\/p>\n\n\n\n<p><strong>b)<\/strong> fomentar a interlocu\u00e7\u00e3o e a articula\u00e7\u00e3o em rede dos profissionais, gestores e pesquisadores do campo socioeducativo, conforme preconizado pelo SINASE;<\/p>\n\n\n\n<p><strong>c) <\/strong>incentivar o di\u00e1logo e a aproxima\u00e7\u00e3o interdisciplinar das diferentes \u00e1reas do conhecimento que amparam a execu\u00e7\u00e3o das medidas socioeducativas;<\/p>\n\n\n\n<p><strong>d)<\/strong> construir espa\u00e7o de partilha de experi\u00eancias inovadoras e de solu\u00e7\u00f5es implementadas no cotidiano socioeducativo que podem enriquecer e transformar a trajet\u00f3ria de desenvolvimento dos adolescentes em medida socioeducativa;<\/p>\n\n\n\n<p><strong>e)<\/strong> possibilitar a apropria\u00e7\u00e3o de conceitos, estrat\u00e9gias e metodologias de interven\u00e7\u00e3o que promovam a qualidade do processo socioeducativo.<\/p>\n\n\n<div class=\"wp-block-image\">\n<figure class=\"aligncenter size-large\"><img loading=\"lazy\" decoding=\"async\" width=\"1024\" height=\"199\" src=\"https:\/\/socioeducacao.unb.br\/wp-content\/uploads\/2025\/09\/Design-sem-nome-3-3-1024x199.png\" alt=\"\" class=\"wp-image-2370\" srcset=\"https:\/\/socioeducacao.unb.br\/wp-content\/uploads\/2025\/09\/Design-sem-nome-3-3-1024x199.png 1024w, https:\/\/socioeducacao.unb.br\/wp-content\/uploads\/2025\/09\/Design-sem-nome-3-3-300x58.png 300w, https:\/\/socioeducacao.unb.br\/wp-content\/uploads\/2025\/09\/Design-sem-nome-3-3-768x150.png 768w, https:\/\/socioeducacao.unb.br\/wp-content\/uploads\/2025\/09\/Design-sem-nome-3-3-583x114.png 583w, https:\/\/socioeducacao.unb.br\/wp-content\/uploads\/2025\/09\/Design-sem-nome-3-3.png 1366w\" sizes=\"auto, (max-width: 1024px) 100vw, 1024px\" \/><\/figure><\/div>","protected":false},"excerpt":{"rendered":"<p>| V Simp\u00f3sio Nacional em Socioeduca\u00e7\u00e3o | In\u00edcio | Datas | Programa\u00e7\u00e3o | Trabalhos | Inscri\u00e7\u00f5es | Local | Comiss\u00f5es\u00a0| Intersetorialidade e trabalho em rede &hellip;<\/p>\n","protected":false},"author":1,"featured_media":0,"parent":0,"menu_order":0,"comment_status":"closed","ping_status":"closed","template":"","meta":{"kt_blocks_editor_width":"","footnotes":""},"class_list":["post-2172","page","type-page","status-publish","hentry"],"_links":{"self":[{"href":"https:\/\/socioeducacao.unb.br\/index.php\/wp-json\/wp\/v2\/pages\/2172","targetHints":{"allow":["GET"]}}],"collection":[{"href":"https:\/\/socioeducacao.unb.br\/index.php\/wp-json\/wp\/v2\/pages"}],"about":[{"href":"https:\/\/socioeducacao.unb.br\/index.php\/wp-json\/wp\/v2\/types\/page"}],"author":[{"embeddable":true,"href":"https:\/\/socioeducacao.unb.br\/index.php\/wp-json\/wp\/v2\/users\/1"}],"replies":[{"embeddable":true,"href":"https:\/\/socioeducacao.unb.br\/index.php\/wp-json\/wp\/v2\/comments?post=2172"}],"version-history":[{"count":8,"href":"https:\/\/socioeducacao.unb.br\/index.php\/wp-json\/wp\/v2\/pages\/2172\/revisions"}],"predecessor-version":[{"id":2517,"href":"https:\/\/socioeducacao.unb.br\/index.php\/wp-json\/wp\/v2\/pages\/2172\/revisions\/2517"}],"wp:attachment":[{"href":"https:\/\/socioeducacao.unb.br\/index.php\/wp-json\/wp\/v2\/media?parent=2172"}],"curies":[{"name":"wp","href":"https:\/\/api.w.org\/{rel}","templated":true}]}}