{"id":740,"date":"2021-09-03T11:40:25","date_gmt":"2021-09-03T14:40:25","guid":{"rendered":"https:\/\/socioeducacao.unb.br\/?page_id=740"},"modified":"2025-07-30T11:38:45","modified_gmt":"2025-07-30T14:38:45","slug":"ii-simposio-nacional-em-socioeducacao-2019","status":"publish","type":"page","link":"https:\/\/socioeducacao.unb.br\/index.php\/inicial\/ii-simposio-nacional-em-socioeducacao-2019\/","title":{"rendered":"II Simp\u00f3sio Nacional em Socioeduca\u00e7\u00e3o 2019"},"content":{"rendered":"\n<figure class=\"wp-block-gallery has-nested-images columns-default is-cropped wp-block-gallery-1 is-layout-flex wp-block-gallery-is-layout-flex\">\n<figure class=\"wp-block-image size-full\"><img loading=\"lazy\" decoding=\"async\" width=\"920\" height=\"271\" data-id=\"2026\" src=\"https:\/\/socioeducacao.unb.br\/wp-content\/uploads\/2025\/07\/Logomarca_II_Simpo\u0301sio-removebg-preview.png\" alt=\"\" class=\"wp-image-2026\" srcset=\"https:\/\/socioeducacao.unb.br\/wp-content\/uploads\/2025\/07\/Logomarca_II_Simpo\u0301sio-removebg-preview.png 920w, https:\/\/socioeducacao.unb.br\/wp-content\/uploads\/2025\/07\/Logomarca_II_Simpo\u0301sio-removebg-preview-300x88.png 300w, https:\/\/socioeducacao.unb.br\/wp-content\/uploads\/2025\/07\/Logomarca_II_Simpo\u0301sio-removebg-preview-768x226.png 768w, https:\/\/socioeducacao.unb.br\/wp-content\/uploads\/2025\/07\/Logomarca_II_Simpo\u0301sio-removebg-preview-583x172.png 583w\" sizes=\"auto, (max-width: 920px) 100vw, 920px\" \/><\/figure>\n<\/figure>\n\n\n\n<div class=\"wp-block-kadence-spacer aligncenter kt-block-spacer-_ed82e9-1f\"><div class=\"kt-block-spacer kt-block-spacer-halign-center\" style=\"height:60px\"><hr class=\"kt-divider\" style=\"border-top-color:#eee;border-top-width:1px;width:80%;border-top-style:solid\"\/><\/div><\/div>\n\n\n\n<p><\/p>\n\n\n\n<div class=\"wp-block-columns is-layout-flex wp-container-core-columns-is-layout-9d6595d7 wp-block-columns-is-layout-flex\">\n<div class=\"wp-block-column is-layout-flow wp-block-column-is-layout-flow\"><\/div>\n\n\n\n<div class=\"wp-block-column is-layout-flow wp-block-column-is-layout-flow\"><style id=\"kt-blocks_d3aebe-c3\">.kt-btns_d3aebe-c3 .kt-btn-wrap-0{margin-right:5px;}rtl .kt-btns_d3aebe-c3 .kt-btn-wrap-0{margin-left:5px;margin-right:0px;}.wp-block-kadence-advancedbtn.kt-btns_d3aebe-c3 .kt-btn-wrap-0 .kt-button{font-size:14px;box-shadow:1px 1px 2px 0px rgba(0, 0, 0, 0.2);}.wp-block-kadence-advancedbtn.kt-btns_d3aebe-c3 .kt-btn-wrap-0 .kt-button::before{display:none;}.wp-block-kadence-advancedbtn.kt-btns_d3aebe-c3 .kt-btn-wrap-0 .kt-button:hover, .wp-block-kadence-advancedbtn.kt-btns_d3aebe-c3 .kt-btn-wrap-0 .kt-button:focus{background:#f29100;}<\/style>\n<div class=\"wp-block-kadence-advancedbtn kt-btn-align-center kt-btn-tablet-align-inherit kt-btn-mobile-align-inherit kt-btns-wrap kt-btns_d3aebe-c3\"><div class=\"kt-btn-wrap kt-btn-wrap-0\"><a class=\"kt-button button kt-btn-0-action kt-btn-size-standard kt-btn-style-basic kt-btn-svg-show-always kt-btn-has-text-true kt-btn-has-svg-false\" href=\"https:\/\/socioeducacao.unb.br\/wp-content\/uploads\/2022\/02\/Programac\u0327a\u0303o-II-Simpo\u0301sio-Nacional-em-Socioeducac\u0327a\u0303o-18nov.pdf\" target=\"_blank\" rel=\"noreferrer noopener\"><span class=\"kt-btn-inner-text\">Programa\u00e7\u00e3o II Simp\u00f3sio &#8211; 2019<\/span><\/a><\/div><\/div>\n\n\n\n<div class=\"wp-block-kadence-spacer aligncenter kt-block-spacer-_2e6b55-23\"><div class=\"kt-block-spacer kt-block-spacer-halign-center\" style=\"height:40px\"><hr class=\"kt-divider\" style=\"border-top-color:#eee;border-top-width:1px;width:80%;border-top-style:solid\"\/><\/div><\/div>\n\n\n<style id=\"kt-blocks_a5edbc-84\">.kt-btns_a5edbc-84 .kt-btn-wrap-0{margin-right:5px;}rtl .kt-btns_a5edbc-84 .kt-btn-wrap-0{margin-left:5px;margin-right:0px;}.wp-block-kadence-advancedbtn.kt-btns_a5edbc-84 .kt-btn-wrap-0 .kt-button{font-size:14px;box-shadow:1px 1px 2px 0px rgba(0, 0, 0, 0.2);}.wp-block-kadence-advancedbtn.kt-btns_a5edbc-84 .kt-btn-wrap-0 .kt-button::before{display:none;}.wp-block-kadence-advancedbtn.kt-btns_a5edbc-84 .kt-btn-wrap-0 .kt-button:hover, .wp-block-kadence-advancedbtn.kt-btns_a5edbc-84 .kt-btn-wrap-0 .kt-button:focus{background:#f29100;}<\/style>\n<div class=\"wp-block-kadence-advancedbtn kt-btn-align-center kt-btn-tablet-align-inherit kt-btn-mobile-align-inherit kt-btns-wrap kt-btns_a5edbc-84\"><div class=\"kt-btn-wrap kt-btn-wrap-0\"><a class=\"kt-button button kt-btn-0-action kt-btn-size-standard kt-btn-style-basic kt-btn-svg-show-always kt-btn-has-text-true kt-btn-has-svg-false\" href=\"https:\/\/socioeducacao.unb.br\/wp-content\/uploads\/2020\/06\/Anais-II-Simposio_2019.pdf\" target=\"_blank\" rel=\"noreferrer noopener\"><span class=\"kt-btn-inner-text\">Anais II Simp\u00f3sio &#8211; 2019<\/span><\/a><\/div><\/div>\n<\/div>\n\n\n\n<div class=\"wp-block-column is-layout-flow wp-block-column-is-layout-flow\"><\/div>\n<\/div>\n\n\n\n<div class=\"wp-block-kadence-spacer aligncenter kt-block-spacer-_07c723-ea\"><div class=\"kt-block-spacer kt-block-spacer-halign-center\" style=\"height:60px\"><hr class=\"kt-divider\" style=\"border-top-color:#eee;border-top-width:1px;width:80%;border-top-style:solid\"\/><\/div><\/div>\n\n\n\n<p class=\"has-text-align-center\"><a rel=\"noreferrer noopener\" href=\"https:\/\/drive.google.com\/drive\/folders\/11xvIBix1Lc50JTw_VJO0vDRdCp8-QIA3?usp=sharing\" target=\"_blank\"><strong>Registros fotogr\u00e1ficos do II Simp\u00f3sio Nacional em Socioeduca\u00e7\u00e3o &#8211; 2019.<\/strong><\/a><\/p>\n\n\n\n<p class=\"has-text-align-center\"><strong>Nos acompanhe tamb\u00e9m pelo&nbsp;<a rel=\"noreferrer noopener\" href=\"https:\/\/www.instagram.com\/simposiosocioeducacao\/\" target=\"_blank\">Instagram<\/a>&nbsp;e pelo&nbsp;<a rel=\"noreferrer noopener\" href=\"https:\/\/www.youtube.com\/@simposionacionalemsocioedu7633\/streams\" target=\"_blank\">YouTube<\/a>.<\/strong><\/p>\n","protected":false},"excerpt":{"rendered":"<p>Registros fotogr\u00e1ficos do II Simp\u00f3sio Nacional em Socioeduca\u00e7\u00e3o &#8211; 2019. Nos acompanhe tamb\u00e9m pelo&nbsp;Instagram&nbsp;e pelo&nbsp;YouTube.<\/p>\n","protected":false},"author":1,"featured_media":778,"parent":513,"menu_order":0,"comment_status":"closed","ping_status":"closed","template":"","meta":{"kt_blocks_editor_width":"","footnotes":""},"class_list":["post-740","page","type-page","status-publish","has-post-thumbnail","hentry"],"_links":{"self":[{"href":"https:\/\/socioeducacao.unb.br\/index.php\/wp-json\/wp\/v2\/pages\/740","targetHints":{"allow":["GET"]}}],"collection":[{"href":"https:\/\/socioeducacao.unb.br\/index.php\/wp-json\/wp\/v2\/pages"}],"about":[{"href":"https:\/\/socioeducacao.unb.br\/index.php\/wp-json\/wp\/v2\/types\/page"}],"author":[{"embeddable":true,"href":"https:\/\/socioeducacao.unb.br\/index.php\/wp-json\/wp\/v2\/users\/1"}],"replies":[{"embeddable":true,"href":"https:\/\/socioeducacao.unb.br\/index.php\/wp-json\/wp\/v2\/comments?post=740"}],"version-history":[{"count":27,"href":"https:\/\/socioeducacao.unb.br\/index.php\/wp-json\/wp\/v2\/pages\/740\/revisions"}],"predecessor-version":[{"id":2033,"href":"https:\/\/socioeducacao.unb.br\/index.php\/wp-json\/wp\/v2\/pages\/740\/revisions\/2033"}],"up":[{"embeddable":true,"href":"https:\/\/socioeducacao.unb.br\/index.php\/wp-json\/wp\/v2\/pages\/513"}],"wp:featuredmedia":[{"embeddable":true,"href":"https:\/\/socioeducacao.unb.br\/index.php\/wp-json\/wp\/v2\/media\/778"}],"wp:attachment":[{"href":"https:\/\/socioeducacao.unb.br\/index.php\/wp-json\/wp\/v2\/media?parent=740"}],"curies":[{"name":"wp","href":"https:\/\/api.w.org\/{rel}","templated":true}]}}

II Simpósio Nacional em Socioeducação 2019

<figure class="wp-block-gallery has-nested-images columns-default is-cropped wp-block-gallery-1 is-layout-flex wp-block-gallery-is-layout-flex">
<figure class="wp-block-image size-full"><img loading="lazy" decoding="async" width="920" height="271" data-id="2026" src="https://socioeducacao.unb.br/wp-content/uploads/2025/07/Logomarca_II_Simpósio-removebg-preview.png" alt="" class="wp-image-2026" srcset="https://socioeducacao.unb.br/wp-content/uploads/2025/07/Logomarca_II_Simpósio-removebg-preview.png 920w, https://socioeducacao.unb.br/wp-content/uploads/2025/07/Logomarca_II_Simpósio-removebg-preview-300x88.png 300w, https://socioeducacao.unb.br/wp-content/uploads/2025/07/Logomarca_II_Simpósio-removebg-preview-768x226.png 768w, https://socioeducacao.unb.br/wp-content/uploads/2025/07/Logomarca_II_Simpósio-removebg-preview-583x172.png 583w" sizes="auto, (max-width: 920px) 100vw, 920px" /></figure>
</figure>



<div class="wp-block-kadence-spacer aligncenter kt-block-spacer-_ed82e9-1f"><div class="kt-block-spacer kt-block-spacer-halign-center" style="height:60px"><hr class="kt-divider" style="border-top-color:#eee;border-top-width:1px;width:80%;border-top-style:solid"/></div></div>



<p></p>



<div class="wp-block-columns is-layout-flex wp-container-core-columns-is-layout-9d6595d7 wp-block-columns-is-layout-flex">
<div class="wp-block-column is-layout-flow wp-block-column-is-layout-flow"></div>



<div class="wp-block-column is-layout-flow wp-block-column-is-layout-flow"><style id="kt-blocks_d3aebe-c3">.kt-btns_d3aebe-c3 .kt-btn-wrap-0{margin-right:5px;}rtl .kt-btns_d3aebe-c3 .kt-btn-wrap-0{margin-left:5px;margin-right:0px;}.wp-block-kadence-advancedbtn.kt-btns_d3aebe-c3 .kt-btn-wrap-0 .kt-button{font-size:14px;box-shadow:1px 1px 2px 0px rgba(0, 0, 0, 0.2);}.wp-block-kadence-advancedbtn.kt-btns_d3aebe-c3 .kt-btn-wrap-0 .kt-button::before{display:none;}.wp-block-kadence-advancedbtn.kt-btns_d3aebe-c3 .kt-btn-wrap-0 .kt-button:hover, .wp-block-kadence-advancedbtn.kt-btns_d3aebe-c3 .kt-btn-wrap-0 .kt-button:focus{background:#f29100;}</style>
<div class="wp-block-kadence-advancedbtn kt-btn-align-center kt-btn-tablet-align-inherit kt-btn-mobile-align-inherit kt-btns-wrap kt-btns_d3aebe-c3"><div class="kt-btn-wrap kt-btn-wrap-0"><a class="kt-button button kt-btn-0-action kt-btn-size-standard kt-btn-style-basic kt-btn-svg-show-always kt-btn-has-text-true kt-btn-has-svg-false" href="https://socioeducacao.unb.br/wp-content/uploads/2022/02/Programação-II-Simpósio-Nacional-em-Socioeducação-18nov.pdf" target="_blank" rel="noreferrer noopener"><span class="kt-btn-inner-text">Programação II Simpósio &#8211; 2019</span></a></div></div>



<div class="wp-block-kadence-spacer aligncenter kt-block-spacer-_2e6b55-23"><div class="kt-block-spacer kt-block-spacer-halign-center" style="height:40px"><hr class="kt-divider" style="border-top-color:#eee;border-top-width:1px;width:80%;border-top-style:solid"/></div></div>


<style id="kt-blocks_a5edbc-84">.kt-btns_a5edbc-84 .kt-btn-wrap-0{margin-right:5px;}rtl .kt-btns_a5edbc-84 .kt-btn-wrap-0{margin-left:5px;margin-right:0px;}.wp-block-kadence-advancedbtn.kt-btns_a5edbc-84 .kt-btn-wrap-0 .kt-button{font-size:14px;box-shadow:1px 1px 2px 0px rgba(0, 0, 0, 0.2);}.wp-block-kadence-advancedbtn.kt-btns_a5edbc-84 .kt-btn-wrap-0 .kt-button::before{display:none;}.wp-block-kadence-advancedbtn.kt-btns_a5edbc-84 .kt-btn-wrap-0 .kt-button:hover, .wp-block-kadence-advancedbtn.kt-btns_a5edbc-84 .kt-btn-wrap-0 .kt-button:focus{background:#f29100;}</style>
<div class="wp-block-kadence-advancedbtn kt-btn-align-center kt-btn-tablet-align-inherit kt-btn-mobile-align-inherit kt-btns-wrap kt-btns_a5edbc-84"><div class="kt-btn-wrap kt-btn-wrap-0"><a class="kt-button button kt-btn-0-action kt-btn-size-standard kt-btn-style-basic kt-btn-svg-show-always kt-btn-has-text-true kt-btn-has-svg-false" href="https://socioeducacao.unb.br/wp-content/uploads/2020/06/Anais-II-Simposio_2019.pdf" target="_blank" rel="noreferrer noopener"><span class="kt-btn-inner-text">Anais II Simpósio &#8211; 2019</span></a></div></div>
</div>



<div class="wp-block-column is-layout-flow wp-block-column-is-layout-flow"></div>
</div>



<div class="wp-block-kadence-spacer aligncenter kt-block-spacer-_07c723-ea"><div class="kt-block-spacer kt-block-spacer-halign-center" style="height:60px"><hr class="kt-divider" style="border-top-color:#eee;border-top-width:1px;width:80%;border-top-style:solid"/></div></div>



<p class="has-text-align-center"><a rel="noreferrer noopener" href="https://drive.google.com/drive/folders/11xvIBix1Lc50JTw_VJO0vDRdCp8-QIA3?usp=sharing" target="_blank"><strong>Registros fotográficos do II Simpósio Nacional em Socioeducação &#8211; 2019.</strong></a></p>



<p class="has-text-align-center"><strong>Nos acompanhe também pelo&nbsp;<a rel="noreferrer noopener" href="https://www.instagram.com/simposiosocioeducacao/" target="_blank">Instagram</a>&nbsp;e pelo&nbsp;<a rel="noreferrer noopener" href="https://www.youtube.com/@simposionacionalemsocioedu7633/streams" target="_blank">YouTube</a>.</strong></p>

<p>Registros fotográficos do II Simpósio Nacional em Socioeducação &#8211; 2019. Nos acompanhe também pelo&nbsp;Instagram&nbsp;e pelo&nbsp;YouTube.</p>
